{"id":4245,"date":"2024-12-02T12:11:07","date_gmt":"2024-12-02T11:11:07","guid":{"rendered":"https:\/\/formularioak.eibar.eus\/?page_id=4245"},"modified":"2024-12-02T12:25:03","modified_gmt":"2024-12-02T11:25:03","slug":"zeruarenbehaketa2025","status":"publish","type":"page","link":"https:\/\/formularioak.eibar.eus\/es\/zeruarenbehaketa2025\/","title":{"rendered":"Observaci\u00f3n astron\u00f3mica del cielo eibarr\u00e9s"},"content":{"rendered":"<p>Aurretiko izen-ematea: abenduaren 9tik 16ra (biak barne). \/ Plazo de preinscripci\u00f3n: del 9 al 16 de diciembre (ambos inclusive).<\/p>","protected":false},"excerpt":{"rendered":"<p>Aurretiko izen-ematea: abenduaren 9tik 16ra (biak barne). \/ Plazo de preinscripci\u00f3n: del 9 al 16 de diciembre (ambos inclusive).<\/p>","protected":false},"author":4,"featured_media":0,"parent":0,"menu_order":0,"comment_status":"closed","ping_status":"closed","template":"","meta":{"ngg_post_thumbnail":0,"footnotes":""},"class_list":["post-4245","page","type-page","status-publish","hentry"],"_links":{"self":[{"href":"https:\/\/formularioak.eibar.eus\/es\/wp-json\/wp\/v2\/pages\/4245","targetHints":{"allow":["GET"]}}],"collection":[{"href":"https:\/\/formularioak.eibar.eus\/es\/wp-json\/wp\/v2\/pages"}],"about":[{"href":"https:\/\/formularioak.eibar.eus\/es\/wp-json\/wp\/v2\/types\/page"}],"author":[{"embeddable":true,"href":"https:\/\/formularioak.eibar.eus\/es\/wp-json\/wp\/v2\/users\/4"}],"replies":[{"embeddable":true,"href":"https:\/\/formularioak.eibar.eus\/es\/wp-json\/wp\/v2\/comments?post=4245"}],"version-history":[{"count":3,"href":"https:\/\/formularioak.eibar.eus\/es\/wp-json\/wp\/v2\/pages\/4245\/revisions"}],"predecessor-version":[{"id":4249,"href":"https:\/\/formularioak.eibar.eus\/es\/wp-json\/wp\/v2\/pages\/4245\/revisions\/4249"}],"wp:attachment":[{"href":"https:\/\/formularioak.eibar.eus\/es\/wp-json\/wp\/v2\/media?parent=4245"}],"curies":[{"name":"wp","href":"https:\/\/api.w.org\/{rel}","templated":true}]}}

Observación astronómica del cielo eibarrés

<p>Aurretiko izen-ematea: abenduaren 9tik 16ra (biak barne). / Plazo de preinscripción: del 9 al 16 de diciembre (ambos inclusive).</p>
