{"id":4984,"date":"2025-07-23T14:03:04","date_gmt":"2025-07-23T12:03:04","guid":{"rendered":"https:\/\/formularioak.eibar.eus\/?page_id=4984"},"modified":"2025-07-24T11:43:16","modified_gmt":"2025-07-24T09:43:16","slug":"berrerabilietaberrasmatu2025-02","status":"publish","type":"page","link":"https:\/\/formularioak.eibar.eus\/es\/berrerabilietaberrasmatu2025-02\/","title":{"rendered":"Talleres Reutiliza y Reinventa - edici\u00f3n oto\u00f1o  (2025-02): inscripci\u00f3n"},"content":{"rendered":"<p>Aurretiko izen-ematea: irailaren 22tik urriaren 2ra (biak barne). \/ Plazo de preinscripci\u00f3n: del 22 de septiembre al 2 de octubre (ambos inclusive).<\/p>","protected":false},"excerpt":{"rendered":"<p>Aurretiko izen-ematea: irailaren 22tik urriaren 2ra (biak barne). \/ Plazo de preinscripci\u00f3n: del 22 de septiembre al 2 de octubre (ambos inclusive).<\/p>","protected":false},"author":4,"featured_media":0,"parent":0,"menu_order":0,"comment_status":"closed","ping_status":"closed","template":"","meta":{"ngg_post_thumbnail":0,"footnotes":""},"class_list":["post-4984","page","type-page","status-publish","hentry"],"_links":{"self":[{"href":"https:\/\/formularioak.eibar.eus\/es\/wp-json\/wp\/v2\/pages\/4984","targetHints":{"allow":["GET"]}}],"collection":[{"href":"https:\/\/formularioak.eibar.eus\/es\/wp-json\/wp\/v2\/pages"}],"about":[{"href":"https:\/\/formularioak.eibar.eus\/es\/wp-json\/wp\/v2\/types\/page"}],"author":[{"embeddable":true,"href":"https:\/\/formularioak.eibar.eus\/es\/wp-json\/wp\/v2\/users\/4"}],"replies":[{"embeddable":true,"href":"https:\/\/formularioak.eibar.eus\/es\/wp-json\/wp\/v2\/comments?post=4984"}],"version-history":[{"count":3,"href":"https:\/\/formularioak.eibar.eus\/es\/wp-json\/wp\/v2\/pages\/4984\/revisions"}],"predecessor-version":[{"id":4988,"href":"https:\/\/formularioak.eibar.eus\/es\/wp-json\/wp\/v2\/pages\/4984\/revisions\/4988"}],"wp:attachment":[{"href":"https:\/\/formularioak.eibar.eus\/es\/wp-json\/wp\/v2\/media?parent=4984"}],"curies":[{"name":"wp","href":"https:\/\/api.w.org\/{rel}","templated":true}]}}

Talleres Reutiliza y Reinventa - edición otoño  (2025-02): inscripción

<p>Aurretiko izen-ematea: irailaren 22tik urriaren 2ra (biak barne). / Plazo de preinscripción: del 22 de septiembre al 2 de octubre (ambos inclusive).</p>
